hat is the tens digit of m?
5
Suppose 3*q - 14*q = 33*q - 1167540. What is the hundreds digit of q?
5
Suppose 114 = 4*g + 5*r, 0*g = -2*g - 3*r + 56. Suppose 0 = g*o - 40*o + 783. What is the units digit of o?
7
Suppose 0*q + 2*q + 2262 = 5*j, 4*j = q + 1812. What is the hundreds digit of 18/(j/90 + -5) + 4?
4
Let c(x) = -12*x - 2*x**2 + 3*x**2 - x**3 + 14*x + 3*x**2 - 7. Let s be c(3). Suppose -f + 522 = s*f. What is the tens digit of f?
5
Let f(w) = w - 1. Let t(q) = 10*q + 8. Let k(v) = -22*f(v) + 2*t(v). Let l be (-43)/((-1290)/45) + (-6)/4. What is the units digit of k(l)?
8
What is the ten thousands digit of (333 - -2)*((22 - -234) + 9)?
8
Suppose -173*z + 3393556 = -4010844. What is the units digit of z?
0
Let y = 670 + -661. What is the tens digit of 778 + 27/(-12 + y)?
6
Let k be (0 - -417)*1/(-3). Let t = k + 288. Let w = 295 - t. What is the tens digit of w?
4
Suppose 2117 = -3*d + 2*o - 597, -4*d + 4*o - 3620 = 0. Let t = d - -2091. What is the units digit of t?
7
Let a = -26 + 2. Suppose 5*p = -10, 5*p + 0*p + 10 = -3*j. Let g = j - a. What is the tens digit of g?
2
Let s = -6876 + 6878. Let p = 262 - 124. Suppose 208 = 2*o + 4*m, 5*m - 74 - p = -s*o. What is the tens digit of o?
9
Let n be (-606)/10*(-16 - -21). What is the tens digit of n*3*12/(-12)?
0
Suppose 12 = 2*w + w. Suppose w*c - 6 - 8 = 2*i, -3*i = -4*c + 11. Suppose -3*y + 159 = -i*u, -3*u + 118 = 2*y - 8*u. What is the units digit of y?
9
Let c = 48816 + 2771. What is the units digit of c?
7
Suppose -9*p = 4*p - 18738 - 54439. What is the units digit of p?
9
Let w be (-111)/2*(-1475 + -11) - -3. What is the hundreds digit of ((-2)/3)/(w/16497 + -5)?
2
Suppose -t + 5*a - 130 = -7557, 0 = -t + 4*a + 7427. What is the tens digit of t?
2
Let m(b) = 206*b**2 + 10. Let f(l) = -207*l**2 - l - 6. Let c(s) = -5*f(s) - 4*m(s). What is the hundreds digit of c(3)?
9
What is the thousands digit of 1755/(-60)*-1948 + 1?
6
Suppose 0 = -108*t + 129*t - 322623. What is the hundreds digit of t?
3
Let o(y) = y**3 + 29*y**2 + 53*y - 24. Let r be o(-27). Suppose -2*u + 107 = -r*d, -d - 1 = -0. What is the tens digit of u?
5
Let m(j) = 4*j**2 + 44*j + 24. What is the hundreds digit of m(39)?
8
Let i = 622 + -416. Suppose 2*r - d - 862 = -2*r, r = 5*d + i. Suppose 3*a - 2*m - 312 = -0*a, r = 2*a - 4*m. What is the hundreds digit of a?
1
What is the thousands digit of (5 - 12) + 0 + (8187 - 1)?
8
Suppose -5003432 + 1684136 = -192*g. What is the ten thousands digit of g?
1
Let a(b) = -288*b**2 + 3*b + 4. Let w be a(2). Let k = -337 - w. What is the tens digit of k?
0
Let w(d) = 35*d**2 + 5*d - 9. Suppose 6*q - 23 + 11 = 0. What is the units digit of w(q)?
1
Suppose -31*n = -720102 - 334394. What is the units digit of n?
6
What is the hundreds digit of ((-197)/(-10))/((-409)/(-118610))?
7
Let p = -67 - -98. Let u = -31 + p. Suppose -5*l - 103 = -j, u*l - 1 = l. What is the tens digit of j?
9
Let s(t) = 49 + 12*t**2 - t - 6*t - 6. What is the hundreds digit of s(-10)?
3
Suppose 4*i - 18 = -5*z, 4*i + 0*z - 16 = -4*z. Suppose -m - 54 = 3*b, 0 = i*m - b - 4*b + 64. What is the units digit of (m/9 - -4)*-39?
6
Let p(z) = -z**3 - 9*z**2 + 20*z + 2. Let k be p(-11). Let q = -18 + k. Suppose 0*w + 1002 = q*w. What is the tens digit of w?
6
Suppose r - 20 = -17. Let d be (6 - r)*2/3. Suppose -d*k + 379 = 53. What is the units digit of k?
3
Suppose -5*p + 5*r = -7020, 5*p - r = 5487 + 1549. Suppose 0 = 10*l - p - 1052. What is the hundreds digit of l?
2
What is the units digit of -6 + (-191225)/(-15) - (-2)/(-6)*1?
2
Suppose 18*x = -0*x + 54. Suppose -15 = x*i, -3*i + 6*i = 2*b - 215. What is the units digit of b?
0
Suppose -24*r + 60866 = -38230. What is the hundreds digit of r?
1
Let n(w) = 32*w**2 + 3*w - 1. Let r be n(4). Suppose -9*b + 4*v = -4*b - 2611, b - v - r = 0. What is the tens digit of b?
1
Let u = 2557 + -1785. Suppose 1 = -w - 1, 2 = 5*x - w. Suppose x = -4*l - 5*q + u, 0*l = 3*l + 5*q - 574. What is the units digit of l?
8
Suppose z - 762 = l, z = 4*l + 538 + 221. Suppose -5*k = -4*a - z, k + 9*a = 14*a + 140. What is the hundreds digit of k?
1
Suppose 3*d = -2*k + 87602, 2*k - d + 13712 - 101338 = 0. What is the thousands digit of k?
3
Let h = -6 + 5. Let j be 0/4 + h - -12. What is the tens digit of (-14)/2 + j - (1 - 186)?
8
Let m = 7794 + 11292. What is the thousands digit of m?
9
Suppose -5*i + 40955 + 265 = 0. What is the units digit of i?
4
Suppose -2*j = -7*j + 2430. Let t = 4215 + -4211. Suppose 4*w = i + 491, 0 = t*w - i - i - j. What is the tens digit of w?
2
What is the hundreds digit of (133 + -130)/((-6944)/6947 - -1)?
9
Let k(b) = -319*b**3 + 17*b**2 + 10*b + 33. What is the thousands digit of k(-3)?
8
Suppose -5*c = 4*s - 0*c - 411, -4*s = 2*c - 426. Let q(u) = u**3 - 8*u**2 - 4*u - 10. Let d be q(9). Let p = s + d. What is the units digit of p?
4
Let j = -2516 + 4152. Suppose -4958 = -3*y - 2*z - j, -3*z - 2232 = -2*y. What is the units digit of y?
0
Let b = -35 + 35. Suppose 2*h + 3*l = -0*l + 142, 3*h - 5*l - 175 = b. Suppose 0*s - k - 24 = -2*s, -5*k = -5*s + h. What is the tens digit of s?
1
Let q(p) = 73*p**3 - p + 1. Let a be q(1). Let t = 77 - a. Suppose 4*h - 3*f = -5*f + 260, -f = t*h - 256. What is the tens digit of h?
6
Suppose -14*v = 128*v - 1924952. What is the hundreds digit of v?
5
Suppose 2*f - 6 = m, 4*m + 0*m = -4*f + 36. Let t(s) = 26*s - 13. Let r(n) = 13*n - 6. Let o(h) = 9*r(h) - 4*t(h). What is the tens digit of o(f)?
6
Let g = -13566 + 19533. What is the units digit of g?
7
What is the tens digit of ((-5)/3)/((17 + -9)/(-47856))?
7
Let b(g) = g**2 - 2*g + 26. Let h be b(0). Let p = h - 21. What is the tens digit of (-870)/p*((-10)/(-4) - 3)?
8
Let b(o) = 201*o**2 - 7*o + 12. Let t be b(3). Suppose -t = -10*x + 5*x. What is the units digit of x?
0
Let f be (2 + (-9)/2)/(130/(-312)). Let a(s) be the first derivative of 17*s**2/2 + 14*s - 3. What is the units digit of a(f)?
6
What is the tens digit of 4/(8/(-4449)*4/(-8))?
4
Let c(o) = o + 17. Suppose 6 - 8 = -2*f. Suppose -l = -x + l - 12, -l - f = 0. What is the units digit of c(x)?
3
Suppose 5*r + 4*o + 3045 = 7936, 2*r + 4*o = 1954. Suppose 5*m - 8 - 2 = 0, -5*x + 3*m + r = 0. What is the units digit of x?
7
Suppose 20 = -5*m + 2*p, 4*m - 3*m = -2*p - 16. Let d be (m/(-4) + -1)/((-2)/6672). What is the tens digit of 2*(-2)/(-8) - d/24?
7
Let r = -1650 - -9012. What is the units digit of r?
2
Let h = -150 - -159. Let p(k) = -12*k + 13*k**2 - 6*k + 20 - 8*k**3 - 4 + 7*k**3. What is the hundreds digit of p(h)?
1
Let t(y) = -8*y - 12. Suppose 4*m - 3*r + 150 - 53 = 0, 3*r = -3*m - 99. What is the units digit of t(m)?
2
Suppose 5 = -i + 8. Let h(c) = 11 + 32*c - 3*c**2 - i*c**2 + 3*c**2. What is the units digit of h(10)?
1
Let c(v) = -119856*v + 40. Let r be c(-2). What is the hundreds digit of (-8)/14 + r/322?
7
Let a(k) = -133*k**2 - k + 5. Let i(t) = t**2 - 1. Let x(j) = -a(j) - 5*i(j). What is the units digit of x(-2)?
0
Suppose 0*u + 1 = -u. Suppose -276*s - 63 = -136*s - 143*s. What is the tens digit of u + s + 19 + -17?
2
Let r = 9142 + -4242. What is the thousands digit of r?
4
Let r = 263 + -170. Let j = -93 + r. Suppose q + 5 = j, 3*a = -0*q + 2*q + 574. What is the units digit of a?
8
Suppose -18*y = 1551 - 291. What is the tens digit of 4*(-340)/y*(-119)/(-4)?
7
Suppose -10*x - 80 = -11*x. Suppose -x = 2*b - 328. Suppose -b = -4*i - 0*i. What is the units digit of i?
1
Let z(n) = -n**2 - 20*n + 127. Let b be z(5). Suppose -b*d + 1804 = 4*r, 17*r - 4*d = 22*r - 2261. What is the tens digit of r?
4
Let q = 2 - -3. Let w(y) = 12*y + 33*y - 7*y - 33 + 18*y. What is the hundreds digit of w(q)?
2
Let j = 96 - 96. Suppose 0 = 2*l + n - 9, 5*n + 6 - 11 = j. Let u(q) = 6*q - 16. What is the units digit of u(l)?
8
Let j = -436 + 1044. What is the hundreds digit of j?
6
Let d be (-1 - 2 - -3) + 0. Suppose 3*s = -5*j + 15, 0 = -4*s - 4*j + 12 - 0. Suppose 5*n + 10 = s, 4*u - 3*n + 4*n - 342 = d. What is the tens digit of u?
8
Suppose 5*j + 10950 + 10465 = 5*k, 0 = -2*j - 2. What is the hundreds digit of k?
2
Suppose -106*y = -99*y + 77. Let h(w) = 16 + 22 - 23*w + 5 - 13 - w**2. What is the hundreds digit of h(y)?
1
Let p(r) = -3*r**2 + 9. Suppose -4*a - 30 = 6*a. Let s be p(a). What is the te